ulate the remainder when (-7)/(-7) + 5*6 is divided by ((-44)/8)/(1/(-5 - h)).
9
Let i(w) = 7*w**2 - 18*w + 95. Let l be i(4). What is the remainder when (15 + 2)/(45/l) is divided by -1*4*19/(-4)?
13
Let f(k) = 7*k + 331. Calculate the remainder when f(12) is divided by 54.
37
Let f = 1252 - 1217. Calculate the remainder when 3882 is divided by f.
32
Let m be (-8 - 0)*3/12*-47. Suppose -37 = q - m. What is the remainder when q is divided by 16?
9
Suppose -59*s = -32*s - 594. Let u(c) = -52*c - 4. Let m be u(-5). Suppose 0 = a - 4*q - 80, 3*q - m = -3*a - q. Calculate the remainder when a is divided by s.
18
Let m(u) = -4*u + 4. Suppose -5*l - h = -2155, -2*l = -5*h - 1186 + 351. What is the remainder when l is divided by m(-11)?
46
Suppose -7*s + 2*x = -163, -74*s + 69*s + 5*x = -120. What is the remainder when 461 is divided by s?
1
Let h = 14502 + -10537. Calculate the remainder when h is divided by 31.
28
Calculate the remainder when 1027 is divided by (-42 + 25)*1 + 348.
34
Let m = 81 - 58. Let o = -4408 - -4423. What is the remainder when m is divided by o?
8
Suppose -6283 = -219*q + 3744 + 2456. Calculate the remainder when 437 is divided by q.
38
Let r(k) = k + 9. Let l be r(0). Let i be 86/(-301) + 2/7. Calculate the remainder when (-38 + l + i/1)/(-1) is divided by 16.
13
Suppose 318935 = 79*r - 352170. Calculate the remainder when r is divided by 14.
11
Let n = -8 + 13. Suppose -n*x + 363 = -4*k, -4*x + k = x - 357. What is the remainder when x is divided by 34/102 - (-56)/3?
14
Suppose -610 = -5*d - 40*j + 41*j, -221 = -2*d + 5*j. Calculate the remainder when d is divided by 90.
33
Let g(l) = 14*l + 6 - 25*l + 10*l + 11*l**2. Suppose -p + 24 = 2. What is the remainder when g(-3) is divided by p?
20
Suppose 3217 = 12*s - 1679. Calculate the remainder when s is divided by 5.
3
Suppose -i + 6*t + 916 = 4*t, 0 = -4*t - 8. Suppose i = 6*k + 10*k. Calculate the remainder when k is divided by 12.
9
Let c = -10256 + 10488. What is the remainder when c is divided by 82?
68
Let q be -7*(-4)/(-14)*(-30)/4. Suppose -18*m + 3*p + 378 = -q*m, 5*p = -4*m + 531. What is the remainder when m is divided by 15?
9
Let m(l) = -2*l**3 - 3*l**2 + 3*l + 1. Let f(h) = -h**2 - 190*h - 3488. What is the remainder when f(-168) is divided by m(-3)?
18
Let w(l) = 58 + 68 - 121 + 72*l. Let u be w(-1). Let y = u - -83. Calculate the remainder when 25 is divided by y.
9
Let b(x) = -3*x**3 - 10*x**2 - 4*x - 2. Let o be b(-4). Suppose 4*h - o = -2*a + a, 3*a - h = 73. Calculate the remainder when 102 is divided by a.
24
Let i = -602 + 633. Suppose -43*d = -i*d - 384. What is the remainder when 47 is divided by d?
15
Calculate the remainder when 718 is divided by ((-7)/3)/((-57)/342) - 4.
8
Suppose -699*q = -678*q - 1722. What is the remainder when 886 is divided by q?
66
What is the remainder when 172 is divided by (1 - -49) + (-160 - -161)?
19
Let x(p) = -p**3 + 7*p**2 + 7*p + 14. Let v be 7/((-35)/(-30)) - 0. What is the remainder when x(v) is divided by 36?
20
Let x(w) = -w**2 - 5*w. Calculate the remainder when 1 - (5 - (10 + 13)) is divided by x(-3).
1
Let o(d) = 2*d**2 - 29*d - 35. Calculate the remainder when o(18) is divided by 16.
11
Suppose 12*n = 623 + 576 - 1067. Let i(p) = -2*p + 7. Calculate the remainder when i(-3) is divided by n.
2
Let i = 1514 - 1393. Let d(t) = -t**3 + 7*t**2 + 9*t - 34. Calculate the remainder when i is divided by d(6).
9
Let k(t) = t**2 + 34*t + 588. Calculate the remainder when k(-15) is divided by 5.
3
Let r(f) = -f**2 + 206*f - 5512. Calculate the remainder when r(108) is divided by 203.
200
Let h = 219 + -223. What is the remainder when ((-9)/3)/(h/120*3) is divided by 8?
6
Let f = 11585 - 11437. Calculate the remainder when 3549 is divided by f.
145
Suppose -6*f + 76 = -8. Suppose f*b - 10*b = 0. Suppose b*t + 336 = 12*t. Calculate the remainder when 110 is divided by t.
26
Suppose -114*f = 1212 - 5745 - 2193. Calculate the remainder when f is divided by 9.
5
Let v(s) = -12*s**2 - s + 11. Let l be ((-1)/((-2)/(-2)))/(-2)*-10. Let k be v(l). What is the remainder when k*(35/20 + -2) is divided by 18?
17
Suppose 15*z - 14*z + 4*b = 64, -b + 434 = 5*z. What is the remainder when z is divided by 45?
43
Suppose 5*h - 4*s = 1261, 0 = -4*h - 3*s + 2*s + 1013. Calculate the remainder when h is divided by 111.
31
Let q(p) = -p. Let r(m) = 3*m - 2. Let n(o) = 6*q(o) + r(o). Let b(g) = 30*g - 1807. Let h be b(60). What is the remainder when n(h) is divided by 10?
9
Let r(d) = d**3 + 6*d**2 - 50*d - 48. What is the remainder when 334 is divided by r(-10)?
22
Suppose -8*n + 48960 = 2*v + v, -24 = 4*n. Calculate the remainder when v is divided by 38.
34
Let k = -259 - -260. Let u = -28 - 42. Calculate the remainder when (u/30)/(k/(-6)) is divided by 7.
0
Suppose 6*t - 820 = -3*g + 7*g, -5*g - 128 = -t. Calculate the remainder when t is divided by (-75)/(-6)*132/55.
18
Suppose 6*y + y = 3430. Let b = -466 + y. Calculate the remainder when 82 is divided by b.
10
Let j = 4294 + -4067. Calculate the remainder when j is divided by 71.
14
Suppose -4 + 0 = -2*g. What is the remainder when 0 + g + (-3 - -23) is divided by 2/36 + (-1450)/180 - -14?
4
Let k(o) = 2*o**2 + 236*o + 257. Suppose -5*v + 730 = -3*v. What is the remainder when v is divided by k(-117)?
20
What is the remainder when (16/12)/((-54)/(-2106)) is divided by 28/(-6)*(-3)/1?
10
Let p(f) be the first derivative of -f**4/4 - 3*f**3 - 17*f**2/2 - 58*f - 111. What is the remainder when p(-8) is divided by 5?
4
Let s(v) = -67*v**3 + v**2 + v. Suppose 26*k + 3 + 23 = 0. Suppose -22 = -5*c + 13. What is the remainder when s(k) is divided by c?
4
Let y = -11380 - -11857. Calculate the remainder when y is divided by 25.
2
Let i = 1166 + -1151. What is the remainder when 441 is divided by i?
6
Let y(h) = -2*h**2 + 2. Let c be y(1). Suppose 2*x + n + 41 = c, 4*n - 33 - 19 = 4*x. Let z = 22 + x. What is the remainder when z is divided by 3?
1
Suppose -20*n + 18*n + 287128 = 74*n. What is the remainder when n is divided by 31?
27
Suppose 0 = 26957*r - 26942*r - 270. Calculate the remainder when 464 is divided by r.
14
Suppose 36180 = 24*k + 30*k. What is the remainder when k is divided by 85?
75
Suppose 0 = 8*s - 12*s + f + 4093, 3*f + 15 = 0. What is the remainder when s is divided by 80?
62
Suppose -591*v = -566*v - 8950. Let p = -21 - -39. Calculate the remainder when v is divided by p.
16
Suppose -3*i = -2*b - 64, 2 = -2*b + 4. Let c(r) = 66 + 0*r**2 - r**2 + 5*r + 4*r + 35*r - 22*r. What is the remainder when c(23) is divided by i?
21
Let m be 3/9*(-36)/(-2). Suppose 5*w = -2*i + 53, 0 = 2*i + w - 43 - m. Let u(k) = 4*k + 5. What is the remainder when i is divided by u(2)?
11
Suppose 705 = 5*c - 31*a + 36*a, 0 = -a + 6. Calculate the remainder when c is divided by 40.
15
Suppose 10*n - 1 - 109 = 0. Calculate the remainder when (-9)/27 + 1826/6 is divided by n.
7
Let h(q) = 13*q**3 + 3*q**2 + 8*q. Let a be h(4). Suppose 5*z - 1516 = 3*w, 4*z = z + w + a. Calculate the remainder when z is divided by 22.
19
Let a(b) = -b**3 - 85*b**2 + 342*b - 93. Calculate the remainder when a(-89) is divided by 229.
8
Let v(j) = -3 + 2*j**2 - 6 + 1 + 3*j. Let c(s) = s**2 - 6*s - 6. Let b be c(6). Calculate the remainder when 136 is divided by v(b).
44
Suppose -16*l - 16 = -20*l. Suppose 0 = l*j + 3*f - 4, 4*f - 3 = -2*j - 1. Calculate the remainder when 32 is divided by (40/14 + -2)/(j/21).
14
Let l(v) = -v**3 - 2*v**2 + 4*v + 2. Let t = -458 - -825. Suppose 3*n + 5*x - 239 = 0, 2*x = 4*n - x - t. Calculate the remainder when n is divided by l(-4).
16
Let y(o) = -6*o - 3. Let a = 7 - 10. Suppose 0 = -0*q - 6*q + 264. Calculate the remainder when q is divided by y(a).
14
Let x = -121 + 53. Let m = -68 - x. Suppose 3*u + 2*u - 70 = m. Calculate the remainder when 53 is divided by u.
11
What is the remainder when 102 is divided by (0 - 4)*372/(-24)?
40
Let n(g) = -g**3 - 7*g**2 - 9*g - 5. Let s be n(-8). Let k = 208 - s. What is the remainder when 458 is divided by k?
73
Let r(d) = 166*d + 1337. Calculate the remainder when 58 is divided by r(-8).
4
Let n(v) = -v**2 + 17*v + 84. Let c be n(21). Suppose 5*o - 13 - 52 = c. What is the remainder when o is divided by 13?
0
Calculate the remainder when -21 